ppose f*t = -4*t + 126. What is the units digit of t?
1
Suppose -6*v - 619 = -2*v - c, -3*v - 450 = 4*c. Let q = v - -233. What is the tens digit of q?
7
Suppose 0 = -3*s + 2*s + 9. Suppose -1 + s = 4*k. Suppose k*q + q = 108. What is the units digit of q?
6
Let p(h) = -h**3 - 8*h**2 + 7*h - 5. Let x be p(-8). Let o = x - -89. What is the tens digit of o?
2
Suppose -7*d + 5*d = 4*w - 3608, 0 = -w + 5*d + 913. What is the hundreds digit of w?
9
Let x(w) be the second derivative of 5*w**4/4 + 5*w**3/6 + 5*w**2/2 - 9*w. What is the units digit of x(-3)?
5
Let b(t) = -t**3 - 16*t**2 - 14*t + 9. Let w(v) = 2*v**3 + 16*v**2 + 13*v - 8. Let i = -1 - -4. Let h(k) = i*b(k) + 2*w(k). What is the tens digit of h(17)?
2
Suppose n - 12 = -3*h + 5, 3 = 2*h - n. What is the hundreds digit of ((-93)/h)/((-3)/28)?
2
Let c be 280/15 - (-4)/(-6). Let g be 1*c/(2 - 4). Let h = g + 11. What is the units digit of h?
2
Let x(m) = -275*m + 347. What is the tens digit of x(-7)?
7
Suppose -47*b + 721 = -46*b. What is the hundreds digit of b?
7
Let f = 4336 - 2101. What is the hundreds digit of f?
2
Let k = 34 + -29. Suppose -9*m + 12 = -k*m. What is the units digit of m?
3
Let p be 1720/15 + 5 + (-1)/(-3). Let c = p - 59. What is the units digit of c?
1
Let f = 7 + -1. Suppose f*b - 7*b = 10. Let h = b + 19. What is the units digit of h?
9
Let n(c) = -62*c - 8. Let r be n(-8). Suppose -r = -5*x + 7. What is the tens digit of x?
9
Let g be 15*(-7)/21*(-4)/10. What is the hundreds digit of (-45 - 1)*(-7)/g + 4?
1
Let z = -143 - -257. Suppose -15*c - z = -18*c. What is the units digit of c?
8
Suppose 2*b = 5*d + 18 - 103, -5*d + b = -90. Let l = d + -14. Suppose 0 = -5*a - l + 60. What is the tens digit of a?
1
Suppose 4*k + 6871 = 3*l, 2549 = l - 4*k + 272. What is the thousands digit of l?
2
Suppose -2*n + 10 = h, -5*h + 3*n - 15 = -0*n. Suppose h = g + g - 366. Suppose -5*z + 92 + g = 0. What is the units digit of z?
5
Suppose 60*d - 215151 = 1689. What is the tens digit of d?
1
Suppose -2*a - 3*g + 96 = 0, 3*a - a + 5*g = 92. Suppose 476 = a*c - 49*c. What is the tens digit of c?
3
Let c = -4387 - -6777. What is the thousands digit of c?
2
Let b be (-24)/(-4) + (-2 - -1). Suppose -b*p + p + 56 = 0. Suppose p = -2*v + 3*v. What is the tens digit of v?
1
Let z be 65/26*(-1 - -3). Suppose -5*s = 2*g - 5*g - 401, 0 = -3*s + z*g + 231. What is the units digit of s?
2
Let x = -125 - -416. What is the units digit of (x/15)/((-2)/(-10))?
7
Let f(z) = z**2 + 2*z + 9. Let n be f(-6). Let i be n/(-22)*2*-1. Suppose -50 = -i*q + 1. What is the tens digit of q?
1
Suppose -b - 5*j - 16 = -4*b, -3*j = 3*b. Suppose 0 = 3*g - 13 + 1, 0 = b*o + g - 20. What is the units digit of o?
8
Let k(c) = 2*c**3 - 5*c**2 + 5*c - 1. Let j be k(4). Let r be j + (0 - (4 - 0)). Suppose 0 = 2*d + 5*x - r, 8*d + 3*x - 161 = 4*d. What is the units digit of d?
4
Let s(n) = 13*n + 2. Let y be s(0). Suppose -f - f + 2 = 0, 4*v - y*f - 170 = 0. What is the tens digit of v?
4
Let u be (-6)/9 + (-1496)/(-12). Suppose -u = -2*j + 78. What is the hundreds digit of j?
1
Let f(x) = -2*x + 11. Let v be f(4). Let z(c) = 17*c - 3. What is the tens digit of z(v)?
4
Suppose -7*j + 3*j = -500. Suppose l - 318 = -3*l - 5*q, 0 = 2*l + 4*q - 156. Let b = j - l. What is the units digit of b?
3
Suppose 2*u - 160 = 5*g, g + 74 + 264 = 4*u. Let t = 133 - u. Suppose b + 2*b - t = 0. What is the units digit of b?
6
Suppose 5*z = -1180 + 460. Let q = z + 220. Let b = -49 + q. What is the units digit of b?
7
Suppose -96 = d + 3*r, r + 304 = -4*d + 5*r. Let q = 446 - 332. Let x = q + d. What is the units digit of x?
3
Let w(m) be the second derivative of -m**4/12 - 4*m**3 - 14*m**2 - 28*m. What is the tens digit of w(-14)?
1
Suppose 6 - 12 = -2*z. Suppose -z*m - 5*w - 11 = -6*m, m + 3*w = 27. Suppose 4*g - m = -0*g, 5*g + 15 = 5*x. What is the units digit of x?
6
Suppose -1 = -2*c - 49. Let o be ((-16)/c)/((-4)/6). What is the units digit of (o - 3) + (-75)/(-5)?
1
What is the hundreds digit of (104/(-24) + 4)/((-2)/696)?
1
Suppose -12*c + 20434 + 8786 = 0. What is the tens digit of c?
3
Let i = 375 - -669. What is the units digit of i?
4
Suppose 1568 = 3*x + 4*y - 897, x + y - 820 = 0. What is the hundreds digit of x?
8
Let x(b) = -b + 3. Let a be -8*((-14)/(-8) - 2). Let o be x(a). Suppose -o = 3*z - 34. What is the tens digit of z?
1
Suppose -4*o + o - 2106 = 0. What is the units digit of (o/(-45))/(6/20)?
2
Suppose -2*q + 10 = 0, 0*q - 28 = -3*y + q. Suppose 0 = 3*k - 2*c - 5, 0*k - 4*c - y = -5*k. Let l = 3 + k. What is the units digit of l?
2
Suppose 7 = 4*v - 17. Let y be v/3 - 0 - -1. Suppose 0 = -5*n, 3*z + y*n = -n + 87. What is the units digit of z?
9
Let m(u) = -u**2 + 27*u - 29. Suppose -3*o + 2*o - d + 22 = 0, 4*d = -2*o + 54. What is the tens digit of m(o)?
4
Let o = 60 + -53. Suppose 1 = -2*c + 3. Suppose -r + o = c. What is the units digit of r?
6
Suppose 4*x = -4*v + 6792, 17*x = 18*x + 4*v - 1698. What is the thousands digit of x?
1
What is the hundreds digit of (3/(27/534))/(16/120)?
4
Suppose 115007 = 22*r + 37721. What is the hundreds digit of r?
5
Let m = -2 + 59. Suppose -2 + m = 5*c. What is the tens digit of c?
1
Let p = -78 + 75. What is the tens digit of p*(392/(-6))/7?
2
Suppose 0*t + t - m - 501 = 0, 0 = 2*t - 4*m - 998. What is the hundreds digit of t?
5
Let w be (-76)/(-18) - (-6)/(-27). Suppose -2*r = -7*r + w*o + 5, 4*o - 20 = 0. Suppose i = -5*h + 36, 3*i = -r*h + 19 + 9. What is the units digit of h?
8
Let l(o) = -o - 1. Let m(t) = -98*t - 6. Let v(s) = 5*l(s) - m(s). Let q be v(1). Suppose -4*w + q = -26. What is the units digit of w?
0
Let j = 83 + -85. What is the tens digit of j/(-9) + 2454/(-81)*-6?
8
Suppose 2*a = 7*a. Suppose a = 2*q + 5*t - 208, q - 105 - 5 = -4*t. What is the units digit of q?
4
Let u(z) = 10*z**2 + 6*z + 14. What is the hundreds digit of u(4)?
1
Let x(u) = -1 + 5*u**3 - 4*u**3 + 0*u + 13*u**2 - 4 + 10*u. Let d be x(-12). Let c = -13 + d. What is the units digit of c?
6
Let a(g) = -g**2 - 4*g + 5. Let v be a(-9). Let o = v - -42. What is the units digit of o?
2
Suppose -3*a + 94 = -2*a - 3*x, 0 = -4*a - 2*x + 348. Suppose -n = 5*k - a, -k - k + 303 = 3*n. What is the tens digit of n?
0
Let w(o) = -o**3 + 6*o**2 - 3*o + 3. Let t be w(4). Suppose -t*x - 24 = -26*x. What is the units digit of x?
8
Let c be (-126)/(-12)*8/(-6). Let d(g) = -3*g + 8. Let a be d(c). Suppose 15*w = 10*w + a. What is the units digit of w?
0
Let g = 2920 - 1731. What is the units digit of g?
9
Suppose 11 = -x + 1. Let a = 4 + x. Let u(w) = -9*w - 17. What is the units digit of u(a)?
7
Suppose 3*v - 5 = -20. Let w(c) = -c**3 - 3*c**2 - 7*c - 9. What is the units digit of w(v)?
6
Suppose 12*k + 34*k = 47564. What is the tens digit of k?
3
Let p be 6/((-1)/(2/(-3))). Let f = -13 - -88. Suppose f = p*a + 11. What is the tens digit of a?
1
Let c = 22 + -15. Let i be 375/(-35) - 2/c. Let p = 13 + i. What is the units digit of p?
2
Let f(c) = 17*c**3 - 1. Let u be f(-1). Let j = 80 + u. What is the units digit of j?
2
What is the tens digit of (-3 - -1*(-199)/(-3))*3?
9
Suppose -2*i + 7*i = 320. Let m = i + -37. What is the units digit of m?
7
Let c(w) = -w + 14. Let m be c(10). Suppose -25 = 9*g - m*g. What is the units digit of 1629/45 + 1/g?
6
Suppose -73*p + 68*p + 2250 = 5*k, 4*k + 5*p = 1797. What is the tens digit of k?
5
Let i(w) = 5*w + 1. Let s be ((-18)/(-24))/(2/(-32)). Let v = s - -13. What is the units digit of i(v)?
6
Let m(c) = c**2 + 10*c + 10. Let i be m(-9). Suppose -z - i = -3. Suppose u - 3*g = g + 35, -z*g + 70 = 2*u. What is the units digit of u?
5
Let s be (3 + -988)/5*-1. Let o = s + -51. What is the tens digit of o?
4
What is the tens digit of (-93135)/(-36) + 5/(-60)?
8
Suppose 0 = 8*c - 9530 - 1510. What is the thousands digit of c?
1
Let m(b) = 2*b**3 - 18*b**2 + 3*b + 11. Let c = -44 + 53. What is the tens digit of m(c)?
3
Let s = 3 + 4. Let u(x) = 2*x**2 - 6*x + 2. What is the units digit of u(s)?
8
Let p = 4 - 0. Suppose 0 = -p*j - 4*n + 236, n - 3*n = 3*j - 182. What is the units digit of j?
4
Let q = -38 - -36. What is the tens digit of -238*((-7)/q + -4)?
1
Let r = 70 - 67. Suppose -3*n - 5*c + 157 + 54 = 0, -6 = -r*c. What is the tens digit of n?
6
Let z(k) be th